5 + 3*k/(-3).
2, 29
Suppose -4*c - 4*c + 16 = 0. Suppose 10 = 2*v - 7*i + 3*i, 4*v + c*i = 10. Suppose v*m + 816 = 9*m. What are the prime factors of m?
2, 17
Suppose 5*i = 133 - 78. Suppose 2*j + i = 675. Suppose -12 = 3*k, 0 = 5*d + k + k - j. List the prime factors of d.
2, 17
Let q = 4251 + 35. What are the prime factors of q?
2, 2143
Suppose 48 = -8*d - 4*d. What are the prime factors of 3049*(-5)/(-55) + d/22?
277
Let q(r) = -3*r - 21. Let s be q(-8). Suppose -2*z - 20 = -3*z + s*g, 2*z - 20 = 2*g. Let k = 30 + z. List the prime factors of k.
5, 7
List the prime factors of 93/(-279) - (1350055/(-21) - (-1 - -3)).
2, 3, 5, 2143
Suppose -5*v + 298 = -1142. Suppose -57*c = -51*c + v. What are the prime factors of (c - 7)/((-1)/5)?
5, 11
Suppose r + 25 = 35. Suppose 6*j - 4*j = r. Suppose -n = 5*q - 1336, 4*n + j = -11. What are the prime factors of q?
2, 67
Let m(t) = 2*t**2 + 10*t - 816. Let d be m(17). Let k = 7 - 39. Let g = k - d. List the prime factors of g.
2, 3
Let n be (7 - 12) + 0/(-1). Let x(d) = -6*d**2 - 8*d - 11. Let m be x(n). Let r = 297 + m. List the prime factors of r.
2, 11
Let n(g) = 3*g**2 - 45*g - 41. Let w be n(21). Let s = 709 - w. What are the prime factors of s?
2, 3, 31
Let h be (7/((-21)/(-4)))/(4/(-12)). List the prime factors of 1/((-4)/(-480)) + h.
2, 29
Suppose -y + 15372 = -5*g - 3189, -4*g - 55749 = -3*y. List the prime factors of y.
3, 6197
List the prime factors of ((-5)/2)/((-3)/(-28332)*-3).
2, 5, 787
Suppose -373 = -14*b - 317. Suppose 15 = 3*w, 549 = -5*p + 6*p + b*w. What are the prime factors of p?
23
Let u be 0/(-1)*(0/(-2) + -1). List the prime factors of (-4)/(-8)*782 - u.
17, 23
Let g = 29900 + -5206. What are the prime factors of g?
2, 12347
Let h = 11184 + -4649. List the prime factors of h.
5, 1307
Let c(r) = 168*r - 1223. What are the prime factors of c(17)?
23, 71
Let g = 84 + -79. Let v be 2 - 7 - (-1950)/g. Suppose -10*i = i - v. What are the prime factors of i?
5, 7
Suppose 0 = -0*s - 4*s + 288. Let j = -67 + s. Suppose -j*n - 3*q + 2*q = -974, 16 = 4*q. What are the prime factors of n?
2, 97
Let c = -27 + 30. Suppose c*w - 482 - 106 = 0. Suppose -2*h = 4*u - 166, -6*h = -4*u - 2*h + w. What are the prime factors of u?
2, 11
Suppose -c - c + 16 = 4*p, 3*c + 21 = 3*p. Let b = 1 + 1. Suppose -p*z + d = -440, 4*d - 378 = -4*z - b. List the prime factors of z.
89
Let m(p) = p + 350. List the prime factors of m(105).
5, 7, 13
Let x = -209 - -194. Let v = x + 57. What are the prime factors of v?
2, 3, 7
Suppose 4*t - 61028 = 62*r - 67*r, 3*r - 76259 = -5*t. What are the prime factors of t?
79, 193
Suppose -2*j + 5*q - 11 = 0, -4 = 4*j + 4*q - 8*q. Suppose m - 3*c + 4*c = -64, 5*m + 347 = 4*c. What are the prime factors of j + 2 - ((-2)/(-2) + m)?
2, 5, 7
Let i = 16154 - 7078. What are the prime factors of i?
2, 2269
Let b(h) = 974*h**2 - 225*h + 1228. List the prime factors of b(6).
2, 17471
Let k = 12 - -57. Let d = k + 99. List the prime factors of d.
2, 3, 7
Let z(m) = 105*m + 6. Let b(u) = 53*u + 2. Let t(j) = -5*b(j) + 2*z(j). List the prime factors of t(-6).
2, 83
Let s(k) = 2*k**2 - 6*k - 74. Suppose 424 - 64 = 15*g. What are the prime factors of s(g)?
2, 467
Let g(h) = 8*h**2 + 7*h - 1. Let p(o) = 2*o**3 + 3*o**2 - 11*o - 14. Let w be p(-3). List the prime factors of g(w).
5, 7, 13
Suppose -3*j - 5*t = -2236, j + t = -2*t + 740. Suppose -340 = -2*p + 3*q + 163, 5*q = 3*p - j. List the prime factors of p.
7, 37
Let j(v) = -5*v**2 + 46*v + 28. Let n(d) = 11*d**2 - 90*d - 56. Let w(u) = 7*j(u) + 3*n(u). What are the prime factors of w(22)?
2, 3, 17
Let y be -1*(9 + -8)*4 - -6. Suppose 609 = 3*z + 5*h - 68, -4 = -4*h. Suppose z = 2*i + y*i. List the prime factors of i.
2, 7
Let y be (1 + -8)/(2/(-26)). Let a be 10/(-25) + (-14)/(-10) + y. Let h = a + -30. List the prime factors of h.
2, 31
Let g(v) = -v + 8. Let p be g(5). Let t be p + (-13)/11 + (-4)/(-22). What are the prime factors of -1 + 6/t - (-60 + -2)?
2
Suppose -4*b - 46 = -298. Let f = -370 + b. Let x = -197 - f. List the prime factors of x.
2, 5, 11
Let f(a) = -a**2 + 2*a. Let g be (12/(-45)*-3)/((-8)/(-20)). Let i be f(g). Let b(v) = -4*v**2 - v + 133. What are the prime factors of b(i)?
7, 19
Suppose 141*o = 1217215 + 53336. What are the prime factors of o?
9011
Let m(l) = -3303*l + 702. List the prime factors of m(-10).
2, 3, 937
Let k(x) be the first derivative of -19*x**2 + 54*x + 25. Let w be k(-7). Suppose -w = 5*c - 5*j - 910, 0 = -2*c + 3*j + 241. What are the prime factors of c?
113
Let n be -1*((0/(-2))/(-4))/1. Suppose n = 7*l - 23*l + 3904. List the prime factors of l.
2, 61
Suppose 8*r - k + 442 = 9*r, 454 = r + 4*k. Let v = -704 + r. List the prime factors of (-4)/38 + (-60410)/v.
227
Let f be (-1 + (8/6)/1)*21. Suppose 0 = -5*l + f*l - 204. What are the prime factors of l?
2, 3, 17
Suppose -5348 - 6339 = -13*k. Let n = k + -584. List the prime factors of n.
3, 5, 7
Suppose 675*q + 80 = 695*q. Let k(f) = 21 + 2*f + 0*f + 15*f. List the prime factors of k(q).
89
List the prime factors of 456/18*(-70650)/(-60).
2, 5, 19, 157
Let s(b) = 54*b - 2624. List the prime factors of s(142).
2, 13, 97
Let t(l) = 14*l**3 - 1. Let j(b) = 3*b - 16. Let z be j(5). Let s be t(z). What are the prime factors of 54/s*(-50)/4?
3, 5
Let s = 952 - 178. Suppose -6*w + 5*w - 5*b + s = 0, w + 2*b = 759. What are the prime factors of w?
7, 107
Suppose -32*g - 19*g = -21*g - 1145160. List the prime factors of g.
2, 3, 3181
Suppose 50*u - 652680 + 50630 = 0. List the prime factors of u.
12041
Let q(y) = -3*y - 9. Suppose 5*z - 20 = 0, 2*z - 9 = s - 2*s. Let b be (0 + s)/((-2)/18). List the prime factors of q(b).
2, 3
Suppose -2*z - 3*z + 25 = 0. Let r be 1 - (12/(-4) + z). List the prime factors of ((-288)/27)/(r + 2/3).
2
Let p(d) = -d**3 + d**2 - d + 371. Let c = -106 - -106. What are the prime factors of p(c)?
7, 53
Let z(l) = -96*l**3 + l**2 - l - 2. Let q(a) = 6*a - 20. Let w be q(4). Suppose 0 = 3*t + 6, -3*t - 2 = w*b - 4*t. What are the prime factors of z(b)?
2, 3
Let w be (-3 - -3)*(-1 + -5 + 7). Suppose 42*p - 2*i - 3592 = 40*p, 3*p - i - 5398 = w. What are the prime factors of p?
1801
Suppose -46*j - 415560 = -1461554. What are the prime factors of j?
22739
Let v(x) = -x - 1. Let w be v(-5). Suppose 0 = -y - 2*y + 2*o - 44, -w*y - o = 77. What are the prime factors of ((-1176)/(y/3))/(0 - -1)?
2, 7
Let n be -49 - 1 - 0/(-1 - -2). Let v = -47 - n. Suppose 0 = 2*h - 7 + v. What are the prime factors of h?
2
Suppose 14007 = 16*m + 5*m. Suppose 2*a = y - m, -a = -36*y + 31*y + 3299. What are the prime factors of y?
659
Suppose -5*p + 29 = q, -3*p + 5*q = -0 + 5. List the prime factors of ((-522)/p + 2)/((-36)/180).
2
Let n(t) = -t**3 - 14*t**2 - 28*t - 19. Let q(y) = 2*y**3 + 28*y**2 + 55*y + 37. Let j(m) = 5*n(m) + 2*q(m). List the prime factors of j(-12).
3, 17
Let f(w) = -156*w - 582. List the prime factors of f(-41).
2, 3, 17, 19
Let o(r) = 5*r**2 + 2*r + 33. Let j(b) = -6*b**2 - b - 33. Let v(h) = -6*j(h) - 7*o(h). Let s be v(11). What are the prime factors of 41 + (-4 - -3)*(-1 - s)?
2, 3, 7
Let u = -1206 + 364. What are the prime factors of (16 - 9)/14*u/(-1)?
421
List the prime factors of 7*(-974910)/(-105) + 27.
11, 23, 257
Let l(u) = u**3 - 7*u**2 + 8*u - 3. Let v be l(6). Let f = v - 4. Suppose y - 2*y = -2*d - 88, d = -f*y + 396. List the prime factors of y.
2, 5
Let o = -152 - -352. List the prime factors of o/(-120) + (-1967)/(-3).
2, 3, 109
Let x = -65 + 65. Let f be x/(-1) - (-5 + -732). Suppose -4*l + f = t + 2*t, -2*t + 493 = 3*l. List the prime factors of t.
239
Let r = 83 + -79. Suppose -5*w - 1333 - 792 = -4*h, -5*w + 2155 = r*h. Suppose 0 = -5*x - 5*j + h, -3*x + 6*j - j + 297 = 0. List the prime factors of x.
2, 13
Suppose -3*t - 14228 = -7*t + 2*x, 2*t + 3*x = 7090. List the prime factors of t.
2, 1777
Let m(c) = 5*c - 29. Let n be (3/2)/((-3)/(-12)). Let j be m(n). What are the prime factors of j + -1 - (-137 - 17)?
2, 7, 11
Suppose 0 = 3*g + n - 0*n - 16, -15 = -2*g - 5*n. Suppose -3*h = -2*h + f - 117, g*h - 3*f - 593 = 0. List the prime factors of h.
2, 59
Let v(d) = 158*d + 2246. What are the prime factors of v(68)?
2, 3, 5, 433
Let q(g) = 472*g**2 + 6*g + 11. Let n be q(-6). Suppose -28*o = 6803 - n. L